{"id":31,"date":"2020-08-10T10:02:45","date_gmt":"2020-08-10T09:02:45","guid":{"rendered":"http:\/\/www.mmi-institutet.se\/?page_id=31"},"modified":"2020-08-10T10:06:13","modified_gmt":"2020-08-10T09:06:13","slug":"ami-global-2","status":"publish","type":"page","link":"https:\/\/www.mmi-institutet.se\/?page_id=31","title":{"rendered":"AMI Global"},"content":{"rendered":"\t\t<div data-elementor-type=\"wp-page\" data-elementor-id=\"31\" class=\"elementor elementor-31\">\n\t\t\t\t\t\t\t\t\t<section class=\"elementor-section elementor-top-section elementor-element elementor-element-7c9a133 elementor-section-boxed elementor-section-height-default elementor-section-height-default\" data-id=\"7c9a133\" data-element_type=\"section\">\n\t\t\t\t\t\t<div class=\"elementor-container elementor-column-gap-default\">\n\t\t\t\t\t<div class=\"elementor-column elementor-col-100 elementor-top-column elementor-element elementor-element-b4fbccc\" data-id=\"b4fbccc\" data-element_type=\"column\">\n\t\t\t<div class=\"elementor-widget-wrap elementor-element-populated\">\n\t\t\t\t\t\t\t\t<div class=\"elementor-element elementor-element-79ab3b6 elementor-widget elementor-widget-text-editor\" data-id=\"79ab3b6\" data-element_type=\"widget\" data-widget_type=\"text-editor.default\">\n\t\t\t\t<div class=\"elementor-widget-container\">\n\t\t\t\t\t\t\t<h4 class=\"h-custom-headline man h5\">Association Montessori Internationale \u2013 AMI<\/h4><div class=\"x-text\"><p>Den internationella montessorif\u00f6reningen AMI:s syfte \u00e4r att vidareutveckla och sprida montessoripedagogiken. AMI s\u00e4kerst\u00e4ller ocks\u00e5 att de kurser och utbildningar som deras samarbetspartner erbjuder h\u00e5ller h\u00f6g kvalitet. Om du g\u00e5r en av v\u00e5ra AMI-kurser eller utbildningar f\u00e5r du ett internationellt diplom. Med det kan du sedan arbeta p\u00e5 montessoriskolor \u00f6ver hela v\u00e4rlden.<\/p><h5>Grundades av Maria Montessori<\/h5><p>AMI grundades \u00e5r 1929 av Dr Maria Montessori och leddes av hennes son och n\u00e4ra medarbetare Mario Montessori i mer \u00e4n 50 \u00e5r. Idag har AMI sitt huvuds\u00e4te i Amsterdam och drivs av en internationell styrelse med Mr. Philip O\u00b4Brien som ordf\u00f6rande.<\/p><h5>F\u00f6rvaltar Maria Montessoris minne<\/h5><p>AMI har en unik roll att v\u00e4rna om historien om Maria Montessori och att uppr\u00e4tth\u00e5lla den integritet hon l\u00e4mnade efter sig. AMI f\u00f6rvaltar ett museum, \u00f6ppna arkiv och b\u00f6cker skrivna av Maria Montessori. De \u00e4r \u00f6versatta till m\u00e5nga spr\u00e5k, bland annat svenska.<\/p><h5>F\u00f6renar och sprider kunskap<\/h5><p>AMI arbetar ocks\u00e5 f\u00f6r att fr\u00e4mja de pedagogiska principer och den praktik som Maria Montessori utarbetade efter m\u00e4nniskans naturliga utveckling fr\u00e5n f\u00f6dsel till mognad. De erbjuder till exempel internationella konferenser d\u00e4r verksamma inom montessoripedagogiken kan utbyta erfarenheter och tankar.<strong><br \/><\/strong><\/p><h5>Vill f\u00f6r\u00e4ndra samh\u00e4llet och ge barn b\u00e4ttre f\u00f6ruts\u00e4ttningar<\/h5><p>AMI f\u00f6rs\u00f6ker hela tiden \u00f6ka m\u00f6jligheterna f\u00f6r att barn runt om i v\u00e4rlden ska f\u00e5 en likartad chans till en bra start i livet. Bland annat genom\u00a0<em>Educateurs sans Fronti\u00e9res<\/em>\u00a0(ESF) som arbetar \u00f6ver f\u00f6r social f\u00f6r\u00e4ndring och barns m\u00f6jlighet till utveckling genom montessoriprinciperna.<\/p><p><em>Aid to Life<\/em>\u00a0\u00e4r ett annat av AMI:s initiativ. Det g\u00e5r ut p\u00e5 att informera f\u00f6r\u00e4ldrar om hur de kan st\u00f6dja sitt barns utveckling p\u00e5 ett s\u00e4tt som \u00e4r l\u00e4tt att f\u00f6rst\u00e5 och l\u00e4tt att till\u00e4mpa.\u00a0<a href=\"http:\/\/www.aidtolife.org\/\">Du kan ladda ner broschyrer och filmer p\u00e5 deras webbplats.<\/a><\/p><p><a href=\"http:\/\/ami-global.org\/ami\">L\u00e4s mer p\u00e5 AMI:s egen webbplats<\/a>.<\/p><\/div>\t\t\t\t\t\t<\/div>\n\t\t\t\t<\/div>\n\t\t\t\t\t<\/div>\n\t\t<\/div>\n\t\t\t\t\t\t\t<\/div>\n\t\t<\/section>\n\t\t\t\t\t\t\t<\/div>\n\t\t","protected":false},"excerpt":{"rendered":"<p>Association Montessori Internationale \u2013 AMI Den internationella montessorif\u00f6reningen AMI:s syfte \u00e4r att vidareutveckla och sprida montessoripedagogiken. AMI s\u00e4kerst\u00e4ller ocks\u00e5 att de kurser och utbildningar som deras samarbetspartner erbjuder h\u00e5ller h\u00f6g kvalitet. Om du g\u00e5r en av v\u00e5ra AMI-kurser eller utbildningar f\u00e5r du ett internationellt diplom. Med det kan du sedan arbeta p\u00e5 montessoriskolor \u00f6ver hela [&hellip;]<\/p>\n","protected":false},"author":1,"featured_media":0,"parent":0,"menu_order":0,"comment_status":"closed","ping_status":"closed","template":"","meta":{"footnotes":""},"_links":{"self":[{"href":"https:\/\/www.mmi-institutet.se\/index.php?rest_route=\/wp\/v2\/pages\/31"}],"collection":[{"href":"https:\/\/www.mmi-institutet.se\/index.php?rest_route=\/wp\/v2\/pages"}],"about":[{"href":"https:\/\/www.mmi-institutet.se\/index.php?rest_route=\/wp\/v2\/types\/page"}],"author":[{"embeddable":true,"href":"https:\/\/www.mmi-institutet.se\/index.php?rest_route=\/wp\/v2\/users\/1"}],"replies":[{"embeddable":true,"href":"https:\/\/www.mmi-institutet.se\/index.php?rest_route=%2Fwp%2Fv2%2Fcomments&post=31"}],"version-history":[{"count":4,"href":"https:\/\/www.mmi-institutet.se\/index.php?rest_route=\/wp\/v2\/pages\/31\/revisions"}],"predecessor-version":[{"id":40,"href":"https:\/\/www.mmi-institutet.se\/index.php?rest_route=\/wp\/v2\/pages\/31\/revisions\/40"}],"wp:attachment":[{"href":"https:\/\/www.mmi-institutet.se\/index.php?rest_route=%2Fwp%2Fv2%2Fmedia&parent=31"}],"curies":[{"name":"wp","href":"https:\/\/api.w.org\/{rel}","templated":true}]}}