{"id":18,"date":"2020-08-10T09:49:14","date_gmt":"2020-08-10T08:49:14","guid":{"rendered":"http:\/\/www.mmi-institutet.se\/?page_id=18"},"modified":"2023-10-12T14:30:35","modified_gmt":"2023-10-12T13:30:35","slug":"hem","status":"publish","type":"page","link":"https:\/\/www.mmi-institutet.se\/","title":{"rendered":"Hem"},"content":{"rendered":"\t\t<div data-elementor-type=\"wp-page\" data-elementor-id=\"18\" class=\"elementor elementor-18\">\n\t\t\t\t\t\t\t\t\t<section class=\"elementor-section elementor-top-section elementor-element elementor-element-31dfe3d elementor-section-boxed elementor-section-height-default elementor-section-height-default\" data-id=\"31dfe3d\" data-element_type=\"section\">\n\t\t\t\t\t\t<div class=\"elementor-container elementor-column-gap-default\">\n\t\t\t\t\t<div class=\"elementor-column elementor-col-100 elementor-top-column elementor-element elementor-element-04238aa\" data-id=\"04238aa\" data-element_type=\"column\">\n\t\t\t<div class=\"elementor-widget-wrap elementor-element-populated\">\n\t\t\t\t\t\t\t\t<div class=\"elementor-element elementor-element-b711b70 elementor-widget elementor-widget-text-editor\" data-id=\"b711b70\" data-element_type=\"widget\" data-widget_type=\"text-editor.default\">\n\t\t\t\t<div class=\"elementor-widget-container\">\n\t\t\t\t\t\t\t<p>V\u00e4lkommen till denna sida om information om vad Montessori \u00e4r f\u00f6r n\u00e5got. H\u00e4r kan du l\u00e4ra dig mer om vad Montessori \u00e4r och dess historia.\u00a0<\/p><p>AMI \u00e4r den internationella montessorif\u00f6reningen som f\u00f6rvaltar och f\u00f6r vidare grundaren Maria Montessoris minne och historia. L\u00e4s mer om <a href=\"http:\/\/www.mmi-institutet.se\/ami-global-2\/\">AMI h\u00e4r.<\/a> Vill ni hitta utbildningar i Sverige kontakta AMI s\u00e5 kan de hj\u00e4lpa er hitta n\u00e5gon som utbildar i deras montessorianda.\u00a0<\/p><p>H\u00e4r kan ni l\u00e4sa mer om tv\u00e5 montessoriutbildningar:\u00a0<\/p><p><a href=\"http:\/\/www.mmi-institutet.se\/montessorilararutbildning-for-aldrarna-3-6-ar\/\">AMI Montessorif\u00f6rskoll\u00e4rarutbildning<\/a><br \/><a href=\"http:\/\/www.mmi-institutet.se\/ami-montessori-primary-teacher-training-course\/\">AMI Montessori Primary Teacher Training Course<\/a><\/p>\t\t\t\t\t\t<\/div>\n\t\t\t\t<\/div>\n\t\t\t\t\t<\/div>\n\t\t<\/div>\n\t\t\t\t\t\t\t<\/div>\n\t\t<\/section>\n\t\t\t\t<section class=\"elementor-section elementor-top-section elementor-element elementor-element-ba44480 elementor-section-boxed elementor-section-height-default elementor-section-height-default\" data-id=\"ba44480\" data-element_type=\"section\">\n\t\t\t\t\t\t<div class=\"elementor-container elementor-column-gap-default\">\n\t\t\t\t\t<div class=\"elementor-column elementor-col-33 elementor-top-column elementor-element elementor-element-aa1ecdf\" data-id=\"aa1ecdf\" data-element_type=\"column\">\n\t\t\t<div class=\"elementor-widget-wrap elementor-element-populated\">\n\t\t\t\t\t\t\t\t<div class=\"elementor-element elementor-element-250170a elementor-widget elementor-widget-image\" data-id=\"250170a\" data-element_type=\"widget\" data-widget_type=\"image.default\">\n\t\t\t\t<div class=\"elementor-widget-container\">\n\t\t\t\t\t\t\t\t\t\t\t\t\t\t\t\t<a href=\"http:\/\/www.mmi-institutet.se\/vad-ar-montessori-se\/\">\n\t\t\t\t\t\t\t<img decoding=\"async\" loading=\"lazy\" width=\"300\" height=\"300\" src=\"https:\/\/www.mmi-institutet.se\/wp-content\/uploads\/2020\/08\/vad-\u00e4r-montessori-300x300.png\" class=\"elementor-animation-grow attachment-medium size-medium wp-image-60\" alt=\"\" srcset=\"https:\/\/www.mmi-institutet.se\/wp-content\/uploads\/2020\/08\/vad-\u00e4r-montessori-300x300.png 300w, https:\/\/www.mmi-institutet.se\/wp-content\/uploads\/2020\/08\/vad-\u00e4r-montessori-150x150.png 150w, https:\/\/www.mmi-institutet.se\/wp-content\/uploads\/2020\/08\/vad-\u00e4r-montessori.png 350w\" sizes=\"(max-width: 300px) 100vw, 300px\" \/>\t\t\t\t\t\t\t\t<\/a>\n\t\t\t\t\t\t\t\t\t\t\t\t\t\t\t<\/div>\n\t\t\t\t<\/div>\n\t\t\t\t<div class=\"elementor-element elementor-element-7474b6d elementor-widget elementor-widget-heading\" data-id=\"7474b6d\" data-element_type=\"widget\" data-widget_type=\"heading.default\">\n\t\t\t\t<div class=\"elementor-widget-container\">\n\t\t\t<h2 class=\"elementor-heading-title elementor-size-default\"><a href=\"http:\/\/www.mmi-institutet.se\/vad-ar-montessori-se\/\">Vad \u00e4r Montessori?<\/a><\/h2>\t\t<\/div>\n\t\t\t\t<\/div>\n\t\t\t\t\t<\/div>\n\t\t<\/div>\n\t\t\t\t<div class=\"elementor-column elementor-col-33 elementor-top-column elementor-element elementor-element-fb16772\" data-id=\"fb16772\" data-element_type=\"column\">\n\t\t\t<div class=\"elementor-widget-wrap elementor-element-populated\">\n\t\t\t\t\t\t\t\t<div class=\"elementor-element elementor-element-d92a8c7 elementor-widget elementor-widget-image\" data-id=\"d92a8c7\" data-element_type=\"widget\" data-widget_type=\"image.default\">\n\t\t\t\t<div class=\"elementor-widget-container\">\n\t\t\t\t\t\t\t\t\t\t\t\t\t\t\t\t<a href=\"http:\/\/www.mmi-institutet.se\/ami-global-2\/\">\n\t\t\t\t\t\t\t<img decoding=\"async\" loading=\"lazy\" width=\"300\" height=\"300\" src=\"https:\/\/www.mmi-institutet.se\/wp-content\/uploads\/2020\/08\/AMI-global-300x300.png\" class=\"elementor-animation-grow attachment-medium size-medium wp-image-61\" alt=\"\" srcset=\"https:\/\/www.mmi-institutet.se\/wp-content\/uploads\/2020\/08\/AMI-global-300x300.png 300w, https:\/\/www.mmi-institutet.se\/wp-content\/uploads\/2020\/08\/AMI-global-150x150.png 150w, https:\/\/www.mmi-institutet.se\/wp-content\/uploads\/2020\/08\/AMI-global.png 350w\" sizes=\"(max-width: 300px) 100vw, 300px\" \/>\t\t\t\t\t\t\t\t<\/a>\n\t\t\t\t\t\t\t\t\t\t\t\t\t\t\t<\/div>\n\t\t\t\t<\/div>\n\t\t\t\t<div class=\"elementor-element elementor-element-0709e64 elementor-widget elementor-widget-heading\" data-id=\"0709e64\" data-element_type=\"widget\" data-widget_type=\"heading.default\">\n\t\t\t\t<div class=\"elementor-widget-container\">\n\t\t\t<h2 class=\"elementor-heading-title elementor-size-default\"><a href=\"http:\/\/www.mmi-institutet.se\/ami-global-2\/\">AMI Global<\/a><\/h2>\t\t<\/div>\n\t\t\t\t<\/div>\n\t\t\t\t\t<\/div>\n\t\t<\/div>\n\t\t\t\t<div class=\"elementor-column elementor-col-33 elementor-top-column elementor-element elementor-element-d7d1be3\" data-id=\"d7d1be3\" data-element_type=\"column\">\n\t\t\t<div class=\"elementor-widget-wrap elementor-element-populated\">\n\t\t\t\t\t\t\t\t<div class=\"elementor-element elementor-element-e93b2ac elementor-widget elementor-widget-image\" data-id=\"e93b2ac\" data-element_type=\"widget\" data-widget_type=\"image.default\">\n\t\t\t\t<div class=\"elementor-widget-container\">\n\t\t\t\t\t\t\t\t\t\t\t\t\t\t\t\t<a href=\"http:\/\/www.mmi-institutet.se\/montessorilararutbildning-for-aldrarna-3-6-ar\/\">\n\t\t\t\t\t\t\t<img decoding=\"async\" loading=\"lazy\" width=\"300\" height=\"300\" src=\"https:\/\/www.mmi-institutet.se\/wp-content\/uploads\/2020\/08\/utbildning-300x300.png\" class=\"elementor-animation-grow attachment-medium size-medium wp-image-62\" alt=\"\" srcset=\"https:\/\/www.mmi-institutet.se\/wp-content\/uploads\/2020\/08\/utbildning-300x300.png 300w, https:\/\/www.mmi-institutet.se\/wp-content\/uploads\/2020\/08\/utbildning-150x150.png 150w, https:\/\/www.mmi-institutet.se\/wp-content\/uploads\/2020\/08\/utbildning.png 350w\" sizes=\"(max-width: 300px) 100vw, 300px\" \/>\t\t\t\t\t\t\t\t<\/a>\n\t\t\t\t\t\t\t\t\t\t\t\t\t\t\t<\/div>\n\t\t\t\t<\/div>\n\t\t\t\t<div class=\"elementor-element elementor-element-590d14c elementor-widget elementor-widget-heading\" data-id=\"590d14c\" data-element_type=\"widget\" data-widget_type=\"heading.default\">\n\t\t\t\t<div class=\"elementor-widget-container\">\n\t\t\t<h2 class=\"elementor-heading-title elementor-size-default\"><a href=\"http:\/\/www.mmi-institutet.se\/montessorilararutbildning-for-aldrarna-3-6-ar\/\">Montessoriutbildningar<\/a><\/h2>\t\t<\/div>\n\t\t\t\t<\/div>\n\t\t\t\t\t<\/div>\n\t\t<\/div>\n\t\t\t\t\t\t\t<\/div>\n\t\t<\/section>\n\t\t\t\t<section class=\"elementor-section elementor-top-section elementor-element elementor-element-36af94e elementor-section-boxed elementor-section-height-default elementor-section-height-default\" data-id=\"36af94e\" data-element_type=\"section\">\n\t\t\t\t\t\t<div class=\"elementor-container elementor-column-gap-default\">\n\t\t\t\t\t<div class=\"elementor-column elementor-col-100 elementor-top-column elementor-element elementor-element-4b55365\" data-id=\"4b55365\" data-element_type=\"column\">\n\t\t\t<div class=\"elementor-widget-wrap elementor-element-populated\">\n\t\t\t\t\t\t\t\t<div class=\"elementor-element elementor-element-06b1af2 elementor-widget elementor-widget-text-editor\" data-id=\"06b1af2\" data-element_type=\"widget\" data-widget_type=\"text-editor.default\">\n\t\t\t\t<div class=\"elementor-widget-container\">\n\t\t\t\t\t\t\t<p><strong>Karri\u00e4rv\u00e4gledning:<\/strong><\/p><p>M\u00e5nga skolor erbjuder karri\u00e4rv\u00e4gledning d\u00e4r du kan f\u00e5 r\u00e5d och st\u00f6d i din jobbs\u00f6kning inom ramen f\u00f6r Montessori erbjuder vi viss utbildning f\u00f6r elever \u00e4ven inom detta.\u00a0<\/p><p><strong>CV och ans\u00f6kningshj\u00e4lp:<\/strong><\/p><p>Skolans karri\u00e4rr\u00e5dgivare\u00a0 kan hj\u00e4lpa dig att granska och f\u00f6rb\u00e4ttra ditt CV och personliga brev.<\/p><p><strong>Intervjutr\u00e4ning:<\/strong><\/p><p>Vissa skolor erbjuder m\u00f6jligheten att \u00f6va p\u00e5 jobbintervjuer med en karri\u00e4rr\u00e5dgivare.<\/p><p><strong>N\u00e4tverkande:<\/strong><\/p><p>Deltagande i skolans karri\u00e4rm\u00e4ssor och n\u00e4tverksevenemang kan hj\u00e4lpa dig att knyta kontakter med potentiella arbetsgivare.<\/p><p><strong>Praktikplatser och jobbportaler:<\/strong><\/p><p>Skolan kan ha en jobbportal eller samarbeten med f\u00f6retag som erbjuder praktikplatser och jobbm\u00f6jligheter f\u00f6r studenter.<\/p><p>Vi vill i synnerhet rekommendera <a href=\"https:\/\/jobbklar.se\/\">jobbklar.se<\/a><\/p>\t\t\t\t\t\t<\/div>\n\t\t\t\t<\/div>\n\t\t\t\t\t<\/div>\n\t\t<\/div>\n\t\t\t\t\t\t\t<\/div>\n\t\t<\/section>\n\t\t\t\t\t\t\t<\/div>\n\t\t","protected":false},"excerpt":{"rendered":"<p>V\u00e4lkommen till denna sida om information om vad Montessori \u00e4r f\u00f6r n\u00e5got. H\u00e4r kan du l\u00e4ra dig mer om vad Montessori \u00e4r och dess historia.\u00a0 AMI \u00e4r den internationella montessorif\u00f6reningen som f\u00f6rvaltar och f\u00f6r vidare grundaren Maria Montessoris minne och historia. L\u00e4s mer om AMI h\u00e4r. Vill ni hitta utbildningar i Sverige kontakta AMI s\u00e5 [&hellip;]<\/p>\n","protected":false},"author":1,"featured_media":0,"parent":0,"menu_order":0,"comment_status":"closed","ping_status":"closed","template":"","meta":{"footnotes":""},"_links":{"self":[{"href":"https:\/\/www.mmi-institutet.se\/index.php?rest_route=\/wp\/v2\/pages\/18"}],"collection":[{"href":"https:\/\/www.mmi-institutet.se\/index.php?rest_route=\/wp\/v2\/pages"}],"about":[{"href":"https:\/\/www.mmi-institutet.se\/index.php?rest_route=\/wp\/v2\/types\/page"}],"author":[{"embeddable":true,"href":"https:\/\/www.mmi-institutet.se\/index.php?rest_route=\/wp\/v2\/users\/1"}],"replies":[{"embeddable":true,"href":"https:\/\/www.mmi-institutet.se\/index.php?rest_route=%2Fwp%2Fv2%2Fcomments&post=18"}],"version-history":[{"count":16,"href":"https:\/\/www.mmi-institutet.se\/index.php?rest_route=\/wp\/v2\/pages\/18\/revisions"}],"predecessor-version":[{"id":107,"href":"https:\/\/www.mmi-institutet.se\/index.php?rest_route=\/wp\/v2\/pages\/18\/revisions\/107"}],"wp:attachment":[{"href":"https:\/\/www.mmi-institutet.se\/index.php?rest_route=%2Fwp%2Fv2%2Fmedia&parent=18"}],"curies":[{"name":"wp","href":"https:\/\/api.w.org\/{rel}","templated":true}]}}